hest common divisor of x and 1024.
16
Let j(y) = y. Let d be j(0). Suppose -60 = -4*r - d*z + 3*z, r = z + 15. Let w be (10/4)/(6/(-12))*-1. What is the highest common divisor of w and r?
5
Let v = -33 - -180. Let j = 288 + -267. Calculate the highest common divisor of v and j.
21
Suppose c - 411 = -2*b, -c + 15 = 4*c. What is the highest common divisor of b and 24?
12
Let z(m) = 110*m**3 - 2*m**2 + 4*m - 2. Let u be z(1). Calculate the greatest common divisor of 40 and u.
10
Let j(x) = x**3 + 11*x**2 + 2*x + 2. Let w be j(-10). What is the greatest common divisor of w and 369?
41
Let s(d) be the first derivative of 4*d**3/3 - d**2/2 - 10*d - 5. Let n be s(-5). What is the highest common factor of 38 and n?
19
Suppose -454*s = -447*s - 658. Calculate the highest common divisor of s and 2.
2
Suppose -30 = -g - g. Let u = g - 13. Let k be ((-8)/10)/(20/(-50)). What is the greatest common divisor of k and u?
2
Let d be 6/1 + (-3 - -2). Suppose -f + 3*h - 4*h = -103, -f - d*h + 95 = 0. Calculate the highest common divisor of f and 15.
15
Let g be (1 + (-42)/24)/((-2)/72). What is the greatest common factor of g and 432?
27
Let i(t) = -18*t - 11. Let k be i(-4). Calculate the greatest common factor of 61 and k.
61
Suppose 8*a - 10*a + 298 = 0. Suppose 4*i - a = k, k - 103 = -4*i + i. What is the highest common divisor of 48 and i?
12
Let q be (4/2)/(104/156). Suppose 8*w + 3*r = 4*w + 6, -2*r = 4. Suppose 6 = i - 2*z, 0 = -5*i - w*z + 20 + 10. What is the greatest common factor of q and i?
3
Suppose 0 = 5*n - 5, 2*d = 4*d - n - 13. Suppose -y = 74*g - 76*g + 51, 0 = -5*y + 25. Calculate the greatest common divisor of d and g.
7
Suppose 4*o - 315 = -3*w, -3*o - 19 = -w - 265. Calculate the greatest common divisor of o and 18.
9
Suppose 5*h - 109 = -3*d, -d - 6 = h - 29. Suppose -5*k = -4*k - 24. Let w = k + -4. Calculate the greatest common factor of w and h.
20
Let s be (198/297)/((-2)/(-225)). Calculate the highest common divisor of s and 2325.
75
Suppose -609*s + 610*s - 12 = 0. Suppose 0*m = 4*m - 168. What is the highest common divisor of m and s?
6
Let s(j) = -2*j - 4. Let a = -2 - 1. Let h be s(a). Suppose 16 = 3*r - 2*t, 16*r + 4*t = 14*r + 16. Calculate the greatest common factor of h and r.
2
Let d(x) = 2*x**2 + 17*x - 32. Let w be d(-15). Suppose w = -5*o + 988. Calculate the highest common factor of o and 15.
15
Let f = 16 + 34. Let y be 478/5 + 20/f. What is the greatest common factor of y and 24?
24
Suppose -15 = -2*v + 3*h, -2*v + 0*v + 16 = -2*h. Let o = 0 - -4. Suppose 0 = k + o - v. Calculate the greatest common divisor of k and 55.
5
Let d = -150 - -342. Calculate the greatest common divisor of d and 48.
48
Let u(d) be the third derivative of d**5/60 + d**4/3 - 3*d**3/2 + 9*d**2. Let j = 21 - 12. Let b be u(j). What is the greatest common factor of b and 18?
18
Suppose 3065 + 554 = 11*v. Calculate the greatest common divisor of 7 and v.
7
Let o = -96 + 334. What is the greatest common factor of o and 68?
34
Suppose 4*h = 3*h - 3*j + 7, 0 = 3*h + 4*j - 16. Calculate the greatest common factor of 1 and h.
1
Suppose 4*p - 136 = 5*l, -4*p + 115 = 2*l - 21. Suppose 348 = 3*x - 9. What is the greatest common factor of x and p?
17
Let h be 1/(-2 - -3)*7. Suppose -y = h*y - 264. What is the greatest common factor of 11 and y?
11
Suppose 4 = 4*v - 16. Let j be (3 - -18)*5/3. What is the greatest common divisor of v and j?
5
Suppose 0 = 153*b - 148*b - 75. What is the highest common factor of b and 75?
15
Suppose 0 = -2*p + 25 + 27. Let k(b) be the first derivative of -2*b**3/3 - 12*b**2 - 5*b + 17. Let v be k(-7). Calculate the greatest common factor of p and v.
13
Let o = -8 + 5. Let x be ((-105)/o - 1)/2. What is the highest common divisor of 51 and x?
17
Let v(g) = -16*g + 1. Let x be (-2)/3*6/4. Let c be v(x). Suppose -2*s - c = -47. Calculate the highest common divisor of s and 6.
3
Let w = 6 - -3. Suppose 11*d + 25 = 6*d. Let t = d + 86. What is the highest common factor of w and t?
9
Let x be ((-20)/15)/((-3)/9). Let a be (x + -1)/(-3)*-208. Suppose 5*r - a = r. What is the highest common divisor of 13 and r?
13
Let d be 3/(-2)*10/(-3). Let p be 14673/335 + 6/5. What is the highest common divisor of d and p?
5
Suppose -3*q + z + 1 = 0, -4*z + 20 + 0 = 0. Let l = 81 - 58. Suppose 3*s = -5*d + l, s = 4*s - 4*d + 13. Calculate the highest common factor of s and q.
1
Suppose -p = -2*p + 18. Suppose -15*x = -30 - 0. What is the greatest common factor of p and x?
2
Suppose 8 + 10 = 2*s. Let w be (-4)/((45/(-10))/s). Suppose 35 = -o + w*o. What is the greatest common divisor of 40 and o?
5
Suppose -7 + 1 = 3*b - 3*h, 5*b = h + 10. Suppose -b*v - 3 = f + 2*f, 3*v = -6. Let t = 8 - f. Calculate the highest common factor of t and 21.
7
Let v be (-693)/(-24) + 3/24. Suppose -11 - 21 = -4*d + 5*z, -d - 4*z = -v. What is the greatest common factor of 91 and d?
13
Suppose 5*c = 3*c - 4*f + 744, -2*c + 764 = -f. Calculate the highest common divisor of 20 and c.
20
Let q(a) = a**2 + 7*a - 315. Let k be q(-22). Calculate the highest common factor of k and 645.
15
Let h = -733 - -772. Calculate the greatest common factor of 208 and h.
13
Let q(j) = 22*j**2 + 3*j + 9. Let h be q(3). What is the highest common factor of h and 9?
9
Let w = -380 + 413. Suppose -3*r - 2*p = -p - 95, 25 = r + 2*p. Calculate the greatest common factor of w and r.
33
Let a(m) = -m**3 + 5*m**2 + 8*m + 1. Let d be a(6). Let t = 15 - d. What is the highest common factor of 2 and t?
2
Suppose -3*x + 0*q - q = 48, -q + 42 = -3*x. Let j be (-4 - 65/x)*36. Calculate the highest common factor of 30 and j.
6
Suppose -11*x + 1684 = 496. What is the greatest common factor of x and 144?
36
Suppose 9 = -15*r + 16*r. Suppose -5*l = -r*l + 5*c + 129, 5*l - 5*c = 165. Suppose 2*u + 6 - 24 = 0. What is the highest common divisor of l and u?
9
Suppose -2259 - 625 = -14*y. Suppose -244 - y = -10*v. What is the greatest common divisor of 15 and v?
15
Let k(m) = -m**3 + 12*m**2 + 13*m + 18. Let h be k(13). Suppose -4*v + 808 = 4*s, 3*s = -v + 6*v + 574. Calculate the highest common factor of s and h.
18
Let r = 247 + -104. What is the highest common factor of 39 and r?
13
Let h(v) be the second derivative of -v**5/20 + 3*v**4/4 + 2*v**3/3 - 23*v**2/2 - 13*v. Let m be h(9). What is the greatest common divisor of m and 91?
13
Suppose v - 3*k = 6*v - 1794, -2*v = -2*k - 708. Calculate the highest common divisor of 119 and v.
119
Let w = -11 + 111. Suppose -2*c + 40 = 2*c. What is the greatest common factor of c and w?
10
Let l = -1337 - -1342. Calculate the greatest common factor of l and 58.
1
Suppose -j + 4*j = 45. Let z(d) = -3 + 4*d**2 - 2 - 3*d - 3*d. Let t be z(-1). Calculate the highest common factor of t and j.
5
Let b(o) = -o**2 - 1. Let r be b(0). Let a be ((-2)/5)/(r/65). Calculate the greatest common divisor of a and 52.
26
Suppose -4 = -2*f - 0. Let w be (-19 - -12)*(1 + (-25)/7). Calculate the greatest common divisor of w and f.
2
Let g(b) = b**3 - 7*b**2 - 12*b - 2. Let a be g(11). Suppose -2*l - c = c - a, 5*l - 3*c - 883 = 0. Calculate the greatest common divisor of l and 22.
22
Let g(y) = -30*y - 13. Let q be g(-13). Suppose 2*k - 3*z = 153, 2*z + q = -0*k + 5*k. What is the highest common divisor of 15 and k?
15
Let z(c) = -79*c - 3. Let f be z(-2). Let a = -3 + 65. Calculate the greatest common divisor of a and f.
31
Suppose 4*f - 989 = -2*w + 329, 2*f - 689 = 5*w. Suppose f + 68 = 5*v. Calculate the greatest common factor of v and 20.
20
Suppose -2*n + 5*v - 14 = v, -12 = 3*n - 3*v. Let u be n/4 - 85/(-20). Let l = 250 - 240. What is the highest common factor of u and l?
2
Let q be (5/(10/(-7242)))/((-12)/8). What is the greatest common factor of q and 142?
142
Let l(c) = 2*c**2 + 5. Let a be l(-6). Calculate the highest common divisor of a and 21.
7
Suppose 3*v - 33 = -2*g, 4*v - 42 = 3*g + 19. Suppose 230 = 16*a - 1226. What is the highest common divisor of a and v?
13
Suppose -56*s - 5187 = -77*s. Calculate the greatest common factor of s and 57.
19
Let t be (39/6)/((-1)/(-10)) + 4. Calculate the greatest common divisor of 161 and t.
23
Let g(h) = 3*h**3 + 4*h**2 - 11*h + 3. Let j be g(3). Calculate the greatest common divisor of j and 3.
3
Suppose 331*d + 44 = 342*d. W